ue
Does 11 divide 172900299?
True
Is 11 a factor of 750521590?
False
Is 116631315 a multiple of 46?
False
Is 1536 a factor of 455169892?
False
Is 2013 a factor of 18141298?
False
Is 1064385195 a multiple of 311?
False
Is 530122940 a multiple of 31?
True
Is 20 a factor of 8168433?
False
Is 14 a factor of 6533810?
False
Is 5837707 a multiple of 829?
False
Does 26 divide 1649513606?
True
Is 2 a factor of 780315?
False
Is 306 a factor of 9105997?
False
Is 2257135395 a multiple of 277?
False
Is 180 a factor of 1845688729?
False
Does 155 divide 37143983?
False
Does 9 divide 1532429680?
False
Does 17 divide 58708395?
True
Is 22879185 a multiple of 3?
True
Does 85 divide 79140004?
False
Is 1257 a factor of 23685651?
True
Does 236 divide 109165286?
False
Is 30 a factor of 175029622?
False
Does 3323 divide 45026571?
False
Does 12 divide 838551276?
True
Does 283 divide 12227729?
False
Is 2 a factor of 9707154?
True
Is 132 a factor of 313653252?
True
Is 1464 a factor of 926348928?
True
Is 17 a factor of 109940139?
True
Is 5562501 a multiple of 6?
False
Does 1136 divide 37750416?
True
Is 356 a factor of 845969920?
True
Is 138166317 a multiple of 46?
False
Is 3085297 a multiple of 8?
False
Is 1113321891 a multiple of 701?
True
Does 764 divide 47127902?
False
Does 2 divide 8872283?
False
Is 152050249 a multiple of 568?
False
Does 2159 divide 464872525?
False
Does 3014 divide 1259973008?
False
Is 28 a factor of 15211588?
True
Is 12 a factor of 36325249?
False
Is 2481 a factor of 843598053?
False
Does 148 divide 567037432?
True
Is 131296044 a multiple of 1331?
False
Is 25432227 a multiple of 69?
True
Is 296625476 a multiple of 3622?
False
Is 590760200 a multiple of 9560?
True
Is 2313 a factor of 28011746?
False
Is 415799287 a multiple of 19?
True
Does 319 divide 70245395?
True
Is 163829748 a multiple of 3317?
False
Does 1326 divide 11217960?
True
Is 43803152 a multiple of 32?
False
Is 20169124 a multiple of 254?
True
Is 274942442 a multiple of 14?
False
Does 11 divide 1280710057?
True
Does 18 divide 206038584?
True
Does 9 divide 92396694?
False
Is 2028215649 a multiple of 829?
True
Is 423751608 a multiple of 1323?
True
Is 806 a factor of 50718356?
True
Is 67526028 a multiple of 13?
False
Is 17677283 a multiple of 60?
False
Is 1103 a factor of 1616692?
False
Does 257 divide 994051130?
False
Is 696770429 a multiple of 134?
False
Does 9 divide 182345481?
True
Is 41789953 a multiple of 8?
False
Does 1961 divide 699763657?
False
Does 1044 divide 55606572?
True
Does 263 divide 848540833?
True
Is 18 a factor of 79825764?
False
Is 33 a factor of 16402320?
True
Is 3683927761 a multiple of 1064?
False
Is 1904886678 a multiple of 6551?
True
Is 6603678 a multiple of 9?
True
Is 81 a factor of 13611585?
False
Is 52631148 a multiple of 12?
True
Is 98769717 a multiple of 177?
True
Does 40 divide 284407160?
True
Is 418805659 a multiple of 16?
False
Is 4 a factor of 16851853?
False
Does 287 divide 564775599?
False
Does 25 divide 144079218?
False
Does 9 divide 177237342?
True
Is 651155688 a multiple of 72?
True
Does 23 divide 20087933?
False
Is 18864672 a multiple of 888?
True
Is 449963771 a multiple of 26?
False
Is 3734 a factor of 405590814?
True
Is 279250894 a multiple of 118?
True
Is 4692606 a multiple of 149?
True
Is 1353 a factor of 101729893?
False
Is 224731661 a multiple of 634?
False
Is 6150144 a multiple of 1056?
True
Is 2941799 a multiple of 6?
False
Is 2067938 a multiple of 14?
False
Is 1879 a factor of 296134158?
True
Does 10 divide 185555577?
False
Does 783 divide 16918281?
True
Does 1665 divide 749950826?
False
Is 526015695 a multiple of 3711?
True
Is 2319764223 a multiple of 5831?
True
Is 93005648 a multiple of 808?
True
Is 507486694 a multiple of 1531?
True
Does 167 divide 36025347?
False
Does 829 divide 65233181?
True
Is 2885304 a multiple of 389?
False
Is 565602954 a multiple of 51?
True
Does 164 divide 227979188?
True
Does 6 divide 356042514?
True
Does 10 divide 1563399?
False
Is 77 a factor of 431273623?
False
Is 5567163 a multiple of 26?
False
Is 2625118 a multiple of 12?
False
Is 784133133 a multiple of 59?
False
Is 9907393 a multiple of 1596?
False
Is 26 a factor of 39628820?
False
Is 174761392 a multiple of 17?
False
Does 32 divide 28482397?
False
Is 234651312 a multiple of 252?
True
Does 22 divide 43244915?
False
Is 424 a factor of 687440952?
True
Is 2143 a factor of 1389004737?
True
Is 173319174 a multiple of 678?
True
Does 575 divide 24101700?
True
Does 8 divide 869744?
True
Is 95873339 a multiple of 208?
False
Is 14431 a factor of 1874731210?
True
Is 18 a factor of 94862196?
True
Is 16 a factor of 120206604?
False
Does 21 divide 198158753?
False
Does 3488 divide 374482144?
True
Is 166580180 a multiple of 1443?
False
Does 8183 divide 2408361448?
False
Is 1058973868 a multiple of 84?
False
Is 2040 a factor of 332544480?
True
Is 153894972 a multiple of 21?
True
Is 3 a factor of 57037990?
False
Is 39 a factor of 35544483?
True
Is 5 a factor of 60700655?
True
Is 36 a factor of 10181772?
True
Is 9024730 a multiple of 715?
True
Does 143 divide 103765254?
False
Is 7 a factor of 391786199?
True
Is 11945070 a multiple of 17?
False
Does 214 divide 32902087?
False
Does 155 divide 25781681?
False
Is 3 a factor of 514693998?
True
Is 900258798 a multiple of 38?
True
Does 92 divide 172214335?
False
Is 1557540 a multiple of 765?
True
Is 123 a factor of 296616925?
False
Is 42402712 a multiple of 615?
False
Is 3 a factor of 3601257?
True
Does 305 divide 569162940?
True
Is 227165285 a multiple of 4?
False
Is 31208858 a multiple of 4?
False
Is 13 a factor of 620640631?
True
Is 60583974 a multiple of 23?
False
Is 76273080 a multiple of 120?
True
Does 22 divide 10000836?
False
Is 38 a factor of 39104900?
False
Is 2281420 a multiple of 729?
False
Is 286 a factor of 208045219?
False
Does 31 divide 2769416?
True
Is 76344609 a multiple of 281?
True
Does 14 divide 69033377?
False
Does 19 divide 523327070?
True
Is 395325009 a multiple of 101?
True
Is 759 a factor of 856355262?
False
Is 7 a factor of 96155113?
False
Is 638400920 a multiple of 668?
True
Is 536400726 a multiple of 3314?
True
Is 1067951577 a multiple of 187?
True
Is 1241 a factor of 44319816?
False
Is 474 a factor of 81493356?
False
Is 11 a factor of 47048606?
True
Is 6 a factor of 23247714?
True
Is 266 a factor of 80874374?
True
Is 254603098 a multiple of 1414?
False
Does 81 divide 307011870?
True
Is 16174165 a multiple of 343?
True
Is 3 a factor of 2873547?
True
Is 4924045 a multiple of 986?
False
Is 585 a factor of 140690362?
False
Does 11 divide 196160415?
True
Does 93 divide 192136884?
True
Is 364 a factor of 349050520?
True
Is 6 a factor of 6815580?
True
Is 42808160 a multiple of 32?
True
Is 282124069 a multiple of 185?
False
Is 107 a factor of 544773380?
True
Does 29 divide 499561569?
True
Is 1973571170 a multiple of 21?
False
Is 63 a factor of 37862622?
True
Is 4809924 a multiple of 18?
True
Does 205 divide 71282380?
False
Is 8786 a factor of 2358068927?
False
Is 10 a factor of 133915299?
False
Does 27 divide 17537612?
False
Is 17492230 a multiple of 189?
False
Is 3881369875 a multiple of 8075?
True
Does 646 divide 608993602?
False
Is 21762136 a multiple of 3?
False
Is 5475 a factor of 1014291006?
False
Does 16 divide 104627568?
True
Is 434 a factor of 1161453249?
False
Is 506 a factor of 41137468?
False
Is 103 a factor of 28676078?
False
Does 4194 divide 35615448?
True
Does 44 divide 8181581?
False
Is 22 a factor of 59650223?
False
Is 2011 a factor of 1550633836?
True
Is 435 a factor of 354969276?
False
Is 252 a factor of 4559846455?
False
Is 86328147 a multiple of 3?
True
Is 29156730 a multiple of 2395?
True
Does 3013 divide 699109403?
True
Does 364 divide 50227996?
True
Is 440 a factor of 280993240?
True
Is 32 a factor of 23966400?
True
Does 831 divide 648347031?
True
Is 1266811892 a multiple of 133?
False
Does 168 divide 291618432?
True
Does 724 divide 109556616?
False
Is 33462428 a multiple of 514?
True
Does 116 divide 19196260?
True
Is 5 a factor of 1576178905?
True
Is 2198357754 a multiple of 9894?
True
Is 3554278 a multiple of 91?
True
Is 7 a factor of 21728497?
True
Is 1912133142 a multiple of 5?
False
Is 47 a factor of 127395991?
True
Is 7586 a factor of 1436318068?
True
Does 24 divide 9724687